0905?
7
What is the ten thousands digit of 10984282?
8
What is the ten thousands digit of 11076882?
7
What is the units digit of 23991312?
2
What is the hundreds digit of 7959704?
7
What is the tens digit of 1026160?
6
What is the tens digit of 6941711?
1
What is the hundreds digit of 2571198?
1
What is the units digit of 622822?
2
What is the millions digit of 13647032?
3
What is the units digit of 1648457?
7
What is the thousands digit of 1301885?
1
What is the tens digit of 941279?
7
What is the ten thousands digit of 238491?
3
What is the ten thousands digit of 598074?
9
What is the hundred thousands digit of 1471355?
4
What is the hundred thousands digit of 21025972?
0
What is the tens digit of 2211626?
2
What is the thousands digit of 188716?
8
What is the units digit of 34842?
2
What is the units digit of 138719?
9
What is the hundred thousands digit of 150037?
1
What is the units digit of 384213?
3
What is the hundreds digit of 1489505?
5
What is the hundred thousands digit of 5032653?
0
What is the ten thousands digit of 927391?
2
What is the ten thousands digit of 373765?
7
What is the hundred thousands digit of 9993656?
9
What is the hundreds digit of 782716?
7
What is the ten thousands digit of 2770648?
7
What is the units digit of 167861?
1
What is the ten thousands digit of 17178261?
7
What is the thousands digit of 10651597?
1
What is the millions digit of 1163876?
1
What is the units digit of 10220624?
4
What is the thousands digit of 13378627?
8
What is the tens digit of 4992?
9
What is the ten thousands digit of 19572099?
7
What is the millions digit of 19647938?
9
What is the tens digit of 2159131?
3
What is the ten thousands digit of 2546014?
4
What is the hundreds digit of 997532?
5
What is the hundreds digit of 2790431?
4
What is the units digit of 318557?
7
What is the hundred thousands digit of 3997103?
9
What is the units digit of 639061?
1
What is the tens digit of 226804?
0
What is the thousands digit of 181120?
1
What is the thousands digit of 1625059?
5
What is the hundreds digit of 230549?
5
What is the units digit of 191086?
6
What is the tens digit of 14028?
2
What is the ten thousands digit of 591245?
9
What is the ten thousands digit of 136100?
3
What is the tens digit of 759033?
3
What is the units digit of 392371?
1
What is the tens digit of 3271469?
6
What is the thousands digit of 26001740?
1
What is the hundred thousands digit of 1473714?
4
What is the thousands digit of 24121739?
1
What is the thousands digit of 22887?
2
What is the millions digit of 8464021?
8
What is the tens digit of 255728?
2
What is the millions digit of 11750901?
1
What is the hundred thousands digit of 9172903?
1
What is the millions digit of 6927856?
6
What is the hundred thousands digit of 677157?
6
What is the hundred thousands digit of 744825?
7
What is the tens digit of 1379058?
5
What is the hundreds digit of 22424990?
9
What is the ten millions digit of 11154201?
1
What is the tens digit of 346094?
9
What is the units digit of 241734?
4
What is the hundreds digit of 140084?
0
What is the tens digit of 246905?
0
What is the ten thousands digit of 394903?
9
What is the units digit of 1469266?
6
What is the ten thousands digit of 9875289?
7
What is the hundred thousands digit of 233657?
2
What is the millions digit of 23936516?
3
What is the millions digit of 3421938?
3
What is the units digit of 967884?
4
What is the ten thousands digit of 535576?
3
What is the units digit of 795320?
0
What is the ten thousands digit of 17949952?
4
What is the ten thousands digit of 124299?
2
What is the tens digit of 306719?
1
What is the units digit of 2938?
8
What is the millions digit of 2516958?
2
What is the ten thousands digit of 379335?
7
What is the hundred thousands digit of 658926?
6
What is the ten thousands digit of 922133?
2
What is the thousands digit of 9085895?
5
What is the hundred thousands digit of 2793052?
7
What is the thousands digit of 1323316?
3
What is the thousands digit of 494975?
4
What is the hundreds digit of 12394368?
3
What is the hundred thousands digit of 2041374?
0
What is the tens digit of 294211?
1
What is the hundreds digit of 2289945?
9
What is the tens digit of 93511?
1
What is the ten thousands digit of 2041008?
4
What is the hundred thousands digit of 683217?
6
What is the hundred thousands digit of 189227?
1
What is the millions digit of 2102518?
2
What is the hundred thousands digit of 182119?
1
What is the hundreds digit of 521361?
3
What is the hundred thousands digit of 762846?
7
What is the millions digit of 10714433?
0
What is the thousands digit of 24464555?
4
What is the thousands digit of 7260394?
0
What is the hundred thousands digit of 640922?
6
What is the hundred thousands digit of 2615482?
6
What is the thousands digit of 26645?
6
What is the ten thousands digit of 593460?
9
What is the hundreds digit of 293563?
5
What is the tens digit of 41091?
9
What is the tens digit of 6749131?
3
What is the millions digit of 3576911?
3
What is the hundreds digit of 20378400?
4
What is the units digit of 92204?
4
What is the ten thousands digit of 23455123?
5
What is the thousands digit of 4527112?
7
What is the hundred thousands digit of 569977?
5
What is the hundred thousands digit of 12921623?
9
What is the millions digit of 1387079?
1
What is the units digit of 110572?
2
What is the tens digit of 57484?
8
What is the ten thousands digit of 19827013?
2
What is the units digit of 17300091?
1
What is the ten millions digit of 13279271?
1
What is the millions digit of 22123373?
2
What is the tens digit of 12013604?
0
What is the hundreds digit of 3528661?
6
What is the hundred thousands digit of 8198017?
1
What is the tens digit of 101214?
1
What is the hundred thousands digit of 7024359?
0
What is the hundred thousands digit of 2648477?
6
What is the hundreds digit of 194555?
5
What is the units digit of 703908?
8
What is the units digit of 940310?
0
What is the millions digit of 2684267?
2
What is the millions digit of 2966411?
2
What is the hundreds digit of 443109?
1
What is the ten thousands digit of 2096035?
9
What is the ten thousands digit of 2285928?
8
What is the tens digit of 8616170?
7
What is the thousands digit of 4465334?
5
What is the units digit of 22266785?
5
What is the thousands digit of 84110?
4
What is the hundreds digit of 4060?
0
What is the tens digit of 1992005?
0
What is the hundreds digit of 163220?
2
What is the ten thousands digit of 2731853?
3
What is the ten thousands digit of 335562?
3
What is the millions digit of 13863411?
3
What is the ten thousands digit of 5112856?
1
What is the tens digit of 3055037?
3
What is the thousands digit of 6939243?
9
What is the hundred thousands digit of 300444?
3
What is the thousands digit of 2430063?
0
What is the units digit of 289983?
3
What is the thousands digit of 521363?
1
What is the tens digit of 2005394?
9
What is the millions digit of 20822394?
0
What is the hundreds digit of 646871?
8
What is the units digit of 484769?
9
What is the ten thousands digit of 93272?
9
What is the thousands digit of 156670?
6
What is the units digit of 3083535?
5
What is the tens digit of 8704404?
0
What is the ten thousands digit of 16551701?
5
What is the hundred thousands digit of 3089575?
0
What is the millions digit of 5549091?
5
What is the hundreds digit of 560880?
8
What is the hundred thousands digit of 100971?
1
What is the thousands digit of 185872?
5
What is the tens digit of 12341287?
8
What is the hundreds digit of 195295?
2
What is the units digit of 274598?
8
What is the millions digit of 4142623?
4
What is the units digit of 3425189?
9
What is the units digit of 3375364?
4
What is the hundred thousands digit of 4565998?
5
What is the hundreds digit of 3706579?
5
What is the thousands digit of 690227?
0
What is the ten thousands digit of 7921157?
2
What is the units digit of 216368?
8
What is the millions digit of 28326145?
8
What is the ten thousands digit of 3343106?
4
What is the thousands digit of 23137722?
7
What is the tens digit of 5609560?
6
What is the hundred thousands digit of 481450?
4
What is the ten thousands digit of 312257?
1
What is the units digit of 718158?
8
What is the hundred thousands digit of 17